
405
Calculate the remainder when 13531 is divided by 5.
1
Calculate the remainder when 448 is divided by 164.
120
What is the remainder when 11855 is divided by 55?
30
Calculate the remainder when 14920 is divided by 155.
40
Calculate the remainder when 545977 is divided by 181983.
28
What is the remainder when 3476 is divided by 1735?
6
Calculate the remainder when 111966 is divided by 99.
96
What is the remainder when 592 is divided by 474?
118
What is the remainder when 184275 is divided by 23?
22
Calculate the remainder when 5497 is divided by 52.
37
Calculate the remainder when 179265 is divided by 19917.
12
What is the remainder when 109627 is divided by 36494?
145
Calculate the remainder when 43326 is divided by 442.
10
What is the remainder when 1120606 is divided by 36?
34
What is the remainder when 226980 is divided by 132?
72
Calculate the remainder when 169846 is divided by 765.
16
Calculate the remainder when 12876 is divided by 12868.
8
What is the remainder when 8172 is divided by 3989?
194
What is the remainder when 478686 is divided by 53?
43
What is the remainder when 1566 is divided by 387?
18
What is the remainder when 12144 is divided by 45?
39
Calculate the remainder when 6230 is divided by 41.
39
Calculate the remainder when 6238 is divided by 202.
178
What is the remainder when 330413 is divided by 1206?
1175
Calculate the remainder when 60920 is divided by 82.
76
Calculate the remainder when 4075 is divided by 2006.
63
Calculate the remainder when 16128 is divided by 137.
99
What is the remainder when 265159 is divided by 88379?
22
What is the remainder when 3500 is divided by 76?
4
Calculate the remainder when 230406 is divided by 78.
72
What is the remainder when 60917 is divided by 30452?
13
What is the remainder when 3831 is divided by 24?
15
Calculate the remainder when 3146 is divided by 434.
108
Calculate the remainder when 3860 is divided by 831.
536
Calculate the remainder when 3769 is divided by 936.
25
What is the remainder when 13686 is divided by 169?
166
What is the remainder when 4660 is divided by 16?
4
What is the remainder when 4605 is divided by 4551?
54
What is the remainder when 42067 is divided by 134?
125
What is the remainder when 183854 is divided by 149?
137
What is the remainder when 5375 is divided by 1471?
962
What is the remainder when 48961 is divided by 35?
31
What is the remainder when 1207 is divided by 476?
255
Calculate the remainder when 6227 is divided by 77.
67
Calculate the remainder when 899035 is divided by 7.
4
What is the remainder when 4649079 is divided by 571?
568
What is the remainder when 20689 is divided by 483?
403
Calculate the remainder when 11226 is divided by 11090.
136
Calculate the remainder when 142376 is divided by 420.
416
Calculate the remainder when 16853 is divided by 5596.
65
What is the remainder when 8018 is divided by 7995?
23
What is the remainder when 11959 is divided by 11852?
107
Calculate the remainder when 25669 is divided by 44.
17
Calculate the remainder when 14991 is divided by 208.
15
Calculate the remainder when 1265 is divided by 603.
59
Calculate the remainder when 2339 is divided by 466.
9
What is the remainder when 1061633 is divided by 47?
44
What is the remainder when 809703 is divided by 101212?
7
What is the remainder when 66609 is divided by 732?
729
What is the remainder when 22784 is divided by 148?
140
What is the remainder when 4836 is divided by 5?
1
Calculate the remainder when 7442 is divided by 152.
146
What is the remainder when 509076 is divided by 60?
36
Calculate the remainder when 3524 is divided by 560.
164
What is the remainder when 330669 is divided by 47?
24
Calculate the remainder when 7738 is divided by 7714.
24
What is the remainder when 52439 is divided by 558?
545
Calculate the remainder when 14971 is divided by 4985.
16
What is the remainder when 39867 is divided by 383?
35
What is the remainder when 19457 is divided by 360?
17
What is the remainder when 6902 is divided by 182?
168
What is the remainder when 3770 is divided by 380?
350
What is the remainder when 14963 is divided by 110?
3
Calculate the remainder when 259650 is divided by 7.
6
Calculate the remainder when 302905 is divided by 67.
65
Calculate the remainder when 11825 is divided by 136.
129
What is the remainder when 10782 is divided by 8?
6
What is the remainder when 152281 is divided by 326?
39
Calculate the remainder when 9323 is divided by 467.
450
Calculate the remainder when 3657 is divided by 3639.
18
What is the remainder when 1828 is divided by 316?
248
What is the remainder when 21472 is divided by 231?
220
What is the remainder when 558780 is divided by 32?
28
Calculate the remainder when 1711 is divided by 383.
179
What is the remainder when 1068 is divided by 349?
21
Calculate the remainder when 24072 is divided by 100.
72
Calculate the remainder when 3672 is divided by 16.
8
Calculate the remainder when 27138 is divided by 27078.
60
Calculate the remainder when 669 is divided by 652.
17
What is the remainder when 207354 is divided by 320?
314
What is the remainder when 248246 is divided by 286?
284
Calculate the remainder when 9198 is divided by 4593.
12
Calculate the remainder when 70057 is divided by 33.
31
What is the remainder when 190709 is divided by 63558?
35
Calculate the remainder when 2009051 is divided by 12.
11
Calculate the remainder when 61060 is divided by 12209.
15
What is the remainder when 50927 is divided by 1498?
1493
What is the remainder when 80826 is divided by 5?
1
Calculate the remainder when 2616 is divided by 156.
120
What is the remainder when 6344 is divided by 3?
2
Calculate the remainder when 32301 is divided by 12.
9
Calculate the remainder when 7663 is divided by 718.
483
Calculate the remainder when 61652 is divided by 17.
10
What is the remainder when 10342 is divided by 21?
10
What is the remainder when 46123 is divided by 32?
11
What is the remainder when 86078 is divided by 143?
135
What is the remainder when 18003 is divided by 868?
643
What is the remainder when 3266 is divided by 400?
66
Calculate the remainder when 381728 is divided by 151.
0
What is the remainder when 63626 is divided by 105?
101
Calculate the remainder when 95038 is divided by 45.
43
Calculate the remainder when 5984 is divided by 127.
15
What is the remainder when 4009978 is divided by 52?
50
Calculate the remainder when 567687 is divided by 254.
251
What is the remainder when 13320 is divided by 3280?
200
What is the remainder when 4879 is divided by 615?
574
Calculate the remainder when 1111290 is divided by 27782.
10
Calculate the remainder when 60340 is divided by 944.
868
Calculate the remainder when 4003 is divided by 118.
109
Calculate the remainder when 42007 is divided by 246.
187
What is the remainder when 8633 is divided by 120?
113
Calculate the remainder when 3087 is divided by 363.
183
Calculate the remainder when 2746 is divided by 157.
77
Calculate the remainder when 3754 is divided by 151.
130
Calculate the remainder when 23232 is divided by 862.
820
Calculate the remainder when 4222 is divided by 683.
124
Calculate the remainder when 63448 is divided by 9064.
0
What is the remainder when 27325 is divided by 31?
14
What is the remainder when 39974 is divided by 546?
116
Calculate the remainder when 2540 is divided by 447.
305
Calculate the remainder when 7132 is divided by 121.
114
Calculate the remainder when 1299985 is divided by 41.
39
Calculate the remainder when 289357 is divided by 174.
169
Calculate the remainder when 9612 is divided by 288.
108
What is the remainder when 6361 is divided by 53?
1
Calculate the remainder when 24688 is divided by 19.
7
What is the remainder when 308156 is divided by 36?
32
Calculate the remainder when 148065 is divided by 14803.
35
Calculate the remainder when 49059 is divided by 275.
109
Calculate the remainder when 37175 is divided by 58.
55
Calculate the remainder when 952654 is divided by 5.
4
What is the remainder when 7331 is divided by 32?
3
Calculate the remainder when 31434 is divided by 11.
7
What is the remainder when 210915 is divided by 262?
5
Calculate the remainder when 62656 is divided by 335.
11
What is the remainder when 1172 is divided by 651